3 - 183*a**2 - 110*a - 1735. Calculate p(-91).
-6
Let r(w) = -w**2 + 156*w - 1044. What is r(7)?
-1
Let t(z) = 8*z**3 - 1353*z**2 + 161*z + 1366. Determine t(169).
14
Let z(k) = -k**3 + 105*k - 106. What is z(1)?
-2
Let f(k) = 3*k**2 - 21*k + 39. Determine f(13).
273
Let v(n) = -n**3 - 58*n**2 + 1660*n + 68. Determine v(-79).
-11
Let w(f) = 3*f**2 + 83*f - 471. What is w(5)?
19
Let x(w) = -5101*w + 15298. Calculate x(3).
-5
Let v(s) = -48*s + 458. Calculate v(15).
-262
Let r(f) = -832*f + 77379. Determine r(93).
3
Let r(g) = -6*g**3 - g**2. Calculate r(3).
-171
Let k(x) = -x**2 - 29*x + 4731. Give k(56).
-29
Let g(m) = 2*m**2 - 28*m - 62. Calculate g(16).
2
Let x(d) = -d**3 - 6*d**2 + 33*d - 56. What is x(-10)?
14
Let o(l) = 5*l**3 + 64*l**2 - 16*l - 23. Give o(-13).
16
Let d(t) = -t**3 - 12*t**2 - 30*t - 43. Calculate d(-9).
-16
Let b(g) = g**3 + 112*g**2 + 2457*g - 232. Give b(-82).
14
Let z(j) = 2*j - 86. Give z(29).
-28
Let n(w) = 32*w**2 + 51*w - 329. What is n(5)?
726
Let l(p) = -21*p**3 - 6*p**2 - 11. What is l(-2)?
133
Let b(p) = 165*p + 94. Give b(-6).
-896
Let s(f) = 11*f - 7. Determine s(8).
81
Let i(c) = -c**3 + 44*c**2 - 330*c - 353. Determine i(34).
-13
Let t(x) = x**3 - 58*x**2 + 438*x + 151. Calculate t(49).
4
Let i(n) = 105*n + 3669. Calculate i(-35).
-6
Let h(v) = 68*v**3 - 43*v**2 - 40*v + 2. Calculate h(-1).
-69
Let n(u) = -2*u**3 - 50*u**2 + 55*u + 75. What is n(-26)?
-3
Let g(o) = o**2 - 1380*o - 16612. Calculate g(-12).
92
Let w(y) = -2*y**2 + 106*y + 354. What is w(56)?
18
Let y(r) = -15*r + 811. Determine y(55).
-14
Let q(k) = -25*k + 130. What is q(4)?
30
Let k(y) = -5*y**2 + 81*y + 290. Determine k(-3).
2
Let a(o) = o**3 - 5*o**2 + 7*o - 21. Calculate a(4).
-9
Let t(j) = j**2 - 19450*j + 116669. Give t(6).
5
Let m(c) = -72*c**2 - 160*c - 472. Give m(-3).
-640
Let i(v) = v**2 + 11*v + 27. What is i(-3)?
3
Let i(g) = 74*g + 235. What is i(-5)?
-135
Let k(f) = f**3 + 14*f**2 - 46*f - 623. What is k(-14)?
21
Let o(u) = 776*u - 39564. Give o(51).
12
Let c(f) = 7*f**2 + 11*f + 83. Give c(-5).
203
Let v(w) = 51*w + 1378. What is v(-27)?
1
Let l(d) = 2*d**2 - 400*d - 400. Give l(-1).
2
Let k(r) = -481*r + 975. What is k(2)?
13
Let d(l) = 3*l**2 - 6*l - 323. Give d(11).
-26
Let g(z) = -2*z**3 + 20*z**2 + 58*z - 138. What is g(12)?
-18
Let m(f) = -2*f**3 - 49*f**2 + 137*f - 6. What is m(-27)?
-60
Let u(l) = -131*l + 3140. Give u(24).
-4
Let p(h) = 93*h - 83. Give p(4).
289
Let q(w) = -33*w - 1374. Determine q(-42).
12
Let m(l) = -2574*l + 12881. Calculate m(5).
11
Let a(g) = g**3 + 121*g**2 + 908*g + 447. Calculate a(-113).
-5
Let i(m) = -753*m - 39898. Determine i(-53).
11
Let o(g) = -2*g**3 + 21*g**2 + g + 216. What is o(12)?
-204
Let w(h) = -27*h - 1379. What is w(-57)?
160
Let p(y) = 1031*y + 10294. Calculate p(-10).
-16
Let m(c) = 45*c + 31. Give m(0).
31
Let n(v) = -27*v**2 - 24*v + 11. Give n(-3).
-160
Let l(i) = -i**2 - 46*i - 57. Determine l(0).
-57
Let x(y) = 3*y**3 - 633*y**2 - 8*y + 1691. Give x(211).
3
Let y(o) = -2*o - 295. Give y(15).
-325
Let l(t) = -5*t**2 - 141*t - 311. Give l(-26).
-25
Let l(x) = 140*x + 2042. Determine l(-15).
-58
Let l(c) = -c**2 + 27*c + 6. Calculate l(27).
6
Let x(c) = -93*c + 9484. What is x(102)?
-2
Let x(m) = -2*m**3 - 124*m**2 + 387*m - 192. Give x(-65).
3
Let u(s) = -9*s**2 - 210*s + 220. Determine u(1).
1
Let u(a) = a**3 - 10*a**2 + 13*a + 66. Determine u(6).
0
Let i(l) = -6*l**2 - 285*l - 284. What is i(-1)?
-5
Let j(c) = 72*c - 660. Determine j(13).
276
Let c(g) = 23*g**2 - 379*g + 22. Give c(15).
-488
Let v(g) = 629*g - 5636. Determine v(9).
25
Let w(r) = -305*r - 23445. Determine w(-77).
40
Let w(p) = p**3 - 13*p**2 + 18*p + 18. Calculate w(9).
-144
Let g(t) = -t**3 - 11*t**2 - 7*t + 43. Calculate g(-9).
-56
Let n(y) = -5*y**3 + 32*y**2 + 16*y - 15. Calculate n(7).
-50
Let a(b) = -42*b + 4151. What is a(98)?
35
Let o(z) = -z**3 + 7*z**2 + 368*z - 8. Give o(23).
-8
Let u(o) = 4*o**2 - 190*o - 79. Give u(48).
17
Let q(b) = 107*b - 228. Calculate q(2).
-14
Let q(n) = 275*n - 1936. Calculate q(7).
-11
Let i(a) = -a**2 - 2*a - 41. Calculate i(0).
-41
Let q(h) = -h**3 - 23*h**2 + 6*h - 337. Give q(-24).
95
Let g(d) = 7*d**2 - 2*d + 18. Calculate g(-5).
203
Let q(k) = -2*k**2 + 263*k - 4279. What is q(19)?
-4
Let u(i) = -3*i**2 - 96*i + 406. What is u(4)?
-26
Let d(f) = f**2 - 55*f - 12818. What is d(-89)?
-2
Let w(a) = 726*a - 3641. Give w(5).
-11
Let p(b) = -326*b - 1311. Determine p(-4).
-7
Let c(s) = 2730*s + 51873. Give c(-19).
3
Let s(r) = 7*r**2 + 92*r + 347. What is s(-7)?
46
Let j(f) = 579*f + 17379. Give j(-30).
9
Let w(l) = -l**3 + l**2 - 83*l + 258. Calculate w(3).
-9
Let d(x) = 28*x**2 + 15*x - 6. Calculate d(2).
136
Let s(h) = 3149*h + 25198. Give s(-8).
6
Let d(w) = 17*w**2 - 163*w - 66. Determine d(10).
4
Let k(u) = 347*u - 371. What is k(1)?
-24
Let o(a) = -a**3 + 22*a**2 - 30*a + 100. Give o(21).
-89
Let u(q) = q**2 + 65*q - 868. Calculate u(0).
-868
Let s(i) = i**3 + 9*i**2 + 8*i - 10. Calculate s(-11).
-340
Let f(n) = -n**3 - 35*n**2 + 73*n - 33. Determine f(-37).
4
Let y(r) = 2*r**3 - 6*r**2 - 260*r + 777. Determine y(3).
-3
Let z(f) = -61*f - 4259. What is z(-66)?
-233
Let g(a) = 5*a**3 + 7*a**2 + 49*a + 148. Give g(-4).
-256
Let s(k) = 11*k**2 + 322*k + 1289. What is s(-4)?
177
Let n(g) = -g**2 - 58*g - 545. Determine n(-10).
-65
Let o(c) = -c**3 - 51*c**2 - c - 211. Determine o(-51).
-160
Let m(w) = w**3 - 3*w**2 + 2*w - 14. What is m(4)?
10
Let h(v) = 2*v**2 - 259*v + 7816. Give h(48).
-8
Let n(o) = o**3 + 23*o**2 - 45*o - 33. Determine n(-25).
-158
Let s(x) = 155*x - 207. Determine s(4).
413
Let k(l) = l**3 + 14*l**2 + 36*l - 16. Determine k(-6).
56
Let i(h) = 116*h - 4161. What is i(36)?
15
Let q(u) = -5*u**3 + 2*u**2 + 11*u - 6. Determine q(3).
-90
Let o(i) = -2*i**3 + 103*i**2 - 147*i - 165. Calculate o(50).
-15
Let w(v) = v**3 - 8*v**2 - 70*v + 555. Determine w(8).
-5
Let u(n) = -59*n**2 - 13*n - 4. Calculate u(1).
-76
Let c(t) = t**2 + 158*t + 1475. Calculate c(-10).
-5
Let p(m) = -14*m**2 - 11*m - 24. Calculate p(-2).
-58
Let f(c) = -1808*c - 37966. Give f(-21).
2
Let g(t) = 7*t**2 + 21*t + 33. Calculate g(7).
523
Let g(p) = -2*p**3 + 7*p**2 - 1313*p + 3938. Calculate g(3).
8
Let c(f) = 14977*f - 29934. Determine c(2).
20
Let o(m) = -4*m**3 + 304*m**2 + m - 70. What is o(76)?
6
Let z(a) = -a**3 + 31*a**2 - 183*a - 36. Calculate z(23).
-13
Let l(g) = 2*g**3 + 8*g**2 - 5481*g - 27359. What is l(-5)?
-4
Let q(t) = t**2 + 79*t + 216. Determine q(-70).
-414
Let v(g) = 3*g**2 - 110*g + 48. Determine v(36).
-24
Let f(h) = -h**3 - 187*h**2 - 1096*h - 69. Determine f(-6).
-9
Let r(m) = -m**3 + 16*m**2 - 55*m - 4. Give r(11).
-4
Let c(j) = 353*j - 3564. Calculate c(10).
-34
Let v(w) = w**3 - 33*w**2 + 148*w - 7617. What is v(35)?
13
Let n(c) = -5*c**2 - 23*c + 39. Determine n(-9).
-159
Let m(r) = -r**3 - 3*r**2 - 2*r + 4. Give m(0).
4
Let v(i) = 66*i**2 - 333*i + 2. Determine v(5).
-13
Let q(y) = -y**3 - 44*y**2 + 298*y - 43. Determine q(-50).
57
Let l(c) = -c**3 - 32*c**2 + 27*c - 201. Give l(-33).
-3
Let g(j) = j**3 + j**2 + 4*j + 13. Determine g(-2).
1
Let i(u) = -3*u**3 - 7*u**2 + 31*u - 29. Give i(4).
-209
Let c(m) = 1967*m + 1968. Determine c(-1).
1
Let y(s) = 2*s**2 - 128*s + 177. Calculate y(62).
-71
Let y(m) = -13*m**3 + 40*m**2 - 2*m - 4. Give y(3).
-1
Let l(d) = -182*d**3 - 4*d - 2. Determine l(-1).
184
Let a(r) = 2*r - 71. Calculate a(-8).
-87
Let m(k) = -k**3 + 66*k**2 - 412*k - 123. What is m(59)?
-64
Let s(z) = 1042*z + 21974. Give s(-21).
92
Let y(m) = m**2 - 49*m - 97. What is y(45)?
-277
Let l(o) = -40*o - 77. Calculate l(-8).
243
Let j(r) = 20*r**2 + 57*r - 235. Give j(4).
313
Let s(r) = -5*r**3 + 181*r**2 + 47*r - 2985. Calculate s(36).
3
Let y(n) = -n**2 - 25*n + 521. Give y(-43).
-253
Let g(k) = -8*k**2 + 40*k - 45. Give g(2).
3
Let t(h) = 53*h + 10847. Determine t(-205).
-18
Let l(c) = -131*c - 2125. Calculate l(-15).
-160
Let o(h) = -h**2 - 23*h - 116. Give o(-10).
14
Let m(w) = 10*w**2 - 254*w - 142. Determine m(26).
14
Let p(u) = -2*u**2 - 78*u + 62. Give p(-39).
62
Let m(d) = 37*d + 603. Give m(-17).
-26
Let j(l) = 2*l**2 + 76*l + 335. What is j(-34)?
63
Let r(s) = -s**3 + 212*s**2 + 864*s + 11. Calculate r(-4).
11
Let k(m) = -1451